{"id":510,"date":"2021-05-19T10:15:27","date_gmt":"2021-05-19T10:15:27","guid":{"rendered":"http:\/\/www.ceciliarenner.com\/?page_id=510"},"modified":"2021-05-20T17:17:15","modified_gmt":"2021-05-20T17:17:15","slug":"enfermedades-terminales","status":"publish","type":"page","link":"http:\/\/www.ceciliarenner.com\/index.php\/enfermedades-terminales","title":{"rendered":"Enfermedades terminales"},"content":{"rendered":"\n<p class=\"has-black-color has-text-color\"><\/p>\n\n\n\n<p class=\"has-black-color has-text-color\">La psicoterapia para las personas que padecen enfermedades terminales es un gran apoyo para mantener la confianza, la serenidad y generar la aceptaci\u00f3n de una situaci\u00f3n pocas veces deseada.<br>El trabajo psicoterap\u00e9utico en esta ocasi\u00f3n no solamente ayuda al enfermo sino acompa\u00f1a, apoya y asesora a todos los familiares o personas que est\u00e1n asistiendo al enfermo.<br>En estas sesiones se trabajar\u00e1 con el enfermo as\u00ed como con sus familiares de manera individual, para poder asistir las necesidades personales de cada uno de los implicados. <a href=\"http:\/\/www.ceciliarenner.com\/index.php\/contacto-mi-cuenta\">Contacta conmigo<\/a> si tienes una situaci\u00f3n de esta naturaleza y necesites ayuda. Si lo deseas puedes <strong><a href=\"http:\/\/www.ceciliarenner.com\/index.php\/reservar-comprar\">hacer tu reserva<\/a><\/strong> tambi\u00e9n.<\/p>\n","protected":false},"excerpt":{"rendered":"<p>La psicoterapia para las personas que padecen enfermedades terminales es un gran apoyo para mantener la confianza, la serenidad y generar la aceptaci\u00f3n de una situaci\u00f3n pocas veces deseada.El trabajo &hellip; <\/p>\n","protected":false},"author":1,"featured_media":521,"parent":0,"menu_order":0,"comment_status":"closed","ping_status":"closed","template":"","meta":{"footnotes":""},"class_list":["post-510","page","type-page","status-publish","has-post-thumbnail","hentry","has-meta has-sticky-meta"],"_links":{"self":[{"href":"http:\/\/www.ceciliarenner.com\/index.php\/wp-json\/wp\/v2\/pages\/510","targetHints":{"allow":["GET"]}}],"collection":[{"href":"http:\/\/www.ceciliarenner.com\/index.php\/wp-json\/wp\/v2\/pages"}],"about":[{"href":"http:\/\/www.ceciliarenner.com\/index.php\/wp-json\/wp\/v2\/types\/page"}],"author":[{"embeddable":true,"href":"http:\/\/www.ceciliarenner.com\/index.php\/wp-json\/wp\/v2\/users\/1"}],"replies":[{"embeddable":true,"href":"http:\/\/www.ceciliarenner.com\/index.php\/wp-json\/wp\/v2\/comments?post=510"}],"version-history":[{"count":4,"href":"http:\/\/www.ceciliarenner.com\/index.php\/wp-json\/wp\/v2\/pages\/510\/revisions"}],"predecessor-version":[{"id":643,"href":"http:\/\/www.ceciliarenner.com\/index.php\/wp-json\/wp\/v2\/pages\/510\/revisions\/643"}],"wp:featuredmedia":[{"embeddable":true,"href":"http:\/\/www.ceciliarenner.com\/index.php\/wp-json\/wp\/v2\/media\/521"}],"wp:attachment":[{"href":"http:\/\/www.ceciliarenner.com\/index.php\/wp-json\/wp\/v2\/media?parent=510"}],"curies":[{"name":"wp","href":"https:\/\/api.w.org\/{rel}","templated":true}]}}